{"id":1068,"date":"2025-10-11T17:01:05","date_gmt":"2025-10-11T15:01:05","guid":{"rendered":"https:\/\/unitranet.pl\/?page_id=1068"},"modified":"2026-03-10T07:37:21","modified_gmt":"2026-03-10T06:37:21","slug":"kontakt","status":"publish","type":"page","link":"https:\/\/unitranet.pl\/?page_id=1068","title":{"rendered":"Kontakt"},"content":{"rendered":"\n<figure class=\"wp-block-image aligncenter size-full is-resized\"><img fetchpriority=\"high\" decoding=\"async\" width=\"839\" height=\"419\" src=\"https:\/\/unitranet.pl\/wp-content\/uploads\/2025\/04\/logo_unitranet.bmp\" alt=\"\" class=\"wp-image-615\" style=\"width:202px;height:auto\" srcset=\"https:\/\/unitranet.pl\/wp-content\/uploads\/2025\/04\/logo_unitranet.bmp 839w, https:\/\/unitranet.pl\/wp-content\/uploads\/2025\/04\/logo_unitranet-300x150.jpg 300w, https:\/\/unitranet.pl\/wp-content\/uploads\/2025\/04\/logo_unitranet-768x384.jpg 768w\" sizes=\"(max-width: 839px) 100vw, 839px\" \/><\/figure>\n\n\n\n<div class=\"wp-block-columns is-layout-flex wp-container-core-columns-is-layout-28f84493 wp-block-columns-is-layout-flex\">\n<div class=\"wp-block-column is-layout-flow wp-block-column-is-layout-flow\" style=\"flex-basis:100%\">\n<div class=\"wp-block-media-text is-stacked-on-mobile is-vertically-aligned-center\" style=\"grid-template-columns:27% auto\"><figure class=\"wp-block-media-text__media\"><img decoding=\"async\" width=\"1024\" height=\"1024\" src=\"https:\/\/unitranet.pl\/wp-content\/uploads\/2025\/10\/tel-1024x1024.jpg\" alt=\"\" class=\"wp-image-1075 size-full\" srcset=\"https:\/\/unitranet.pl\/wp-content\/uploads\/2025\/10\/tel-1024x1024.jpg 1024w, https:\/\/unitranet.pl\/wp-content\/uploads\/2025\/10\/tel-300x300.jpg 300w, https:\/\/unitranet.pl\/wp-content\/uploads\/2025\/10\/tel-150x150.jpg 150w, https:\/\/unitranet.pl\/wp-content\/uploads\/2025\/10\/tel-768x768.jpg 768w, https:\/\/unitranet.pl\/wp-content\/uploads\/2025\/10\/tel.jpg 1300w\" sizes=\"(max-width: 1024px) 100vw, 1024px\" \/><\/figure><div class=\"wp-block-media-text__content\">\n<p class=\"has-x-large-font-size\"><strong>52 350 60 99<\/strong><\/p>\n\n\n\n<p class=\"has-medium-font-size\"><strong>501 263 731<\/strong><\/p>\n\n\n\n<p class=\"has-medium-font-size\"><strong>501 263 732<\/strong><\/p>\n<\/div><\/div>\n<\/div>\n<\/div>\n\n\n\n<div class=\"wp-block-media-text is-stacked-on-mobile\" style=\"grid-template-columns:26% auto\"><figure class=\"wp-block-media-text__media\"><img decoding=\"async\" width=\"161\" height=\"148\" src=\"https:\/\/unitranet.pl\/wp-content\/uploads\/2025\/10\/mail.png\" alt=\"\" class=\"wp-image-1074 size-full\"\/><\/figure><div class=\"wp-block-media-text__content\">\n<p><strong>kontakt@unitranet.pl<\/strong><\/p>\n<\/div><\/div>\n\n\n\n<div class=\"wp-block-media-text is-stacked-on-mobile\" style=\"grid-template-columns:52% auto\"><figure class=\"wp-block-media-text__media\"><a href=\"https:\/\/unitranet.pl\/wp-content\/uploads\/2025\/09\/mapa.jpg\"><img loading=\"lazy\" decoding=\"async\" width=\"735\" height=\"434\" src=\"https:\/\/unitranet.pl\/wp-content\/uploads\/2025\/09\/mapa.jpg\" alt=\"\" class=\"wp-image-1020 size-full\" srcset=\"https:\/\/unitranet.pl\/wp-content\/uploads\/2025\/09\/mapa.jpg 735w, https:\/\/unitranet.pl\/wp-content\/uploads\/2025\/09\/mapa-300x177.jpg 300w\" sizes=\"(max-width: 735px) 100vw, 735px\" \/><\/a><\/figure><div class=\"wp-block-media-text__content\">\n<p>Unii Lubelskiej 4C<\/p>\n\n\n\n<p>85-859 Bydgoszcz<\/p>\n<\/div><\/div>\n\n\n\n<p>Tu znajdziesz &#8222;Mini wystaw\u0119 Elektroniki PRLu&#8221;<\/p>\n\n\n\n<p>Aby zwiedzi\u0107 &#8222;Wystaw\u0119&#8230;&#8221; i  muzeum kolei nale\u017cy zadzwoni\u0107 i um\u00f3wi\u0107 si\u0119 :<\/p>\n\n\n\n<div class=\"wp-block-media-text is-stacked-on-mobile is-vertically-aligned-center\" style=\"grid-template-columns:15% auto\"><figure class=\"wp-block-media-text__media\"><img loading=\"lazy\" decoding=\"async\" width=\"166\" height=\"148\" src=\"https:\/\/unitranet.pl\/wp-content\/uploads\/2025\/10\/pobrane.png\" alt=\"\" class=\"wp-image-1102 size-full\"\/><\/figure><div class=\"wp-block-media-text__content\">\n<p class=\"has-x-large-font-size\"><strong>722 322 225<\/strong><\/p>\n<\/div><\/div>\n\n\n\n<div class=\"wp-block-media-text is-stacked-on-mobile is-vertically-aligned-bottom\" style=\"grid-template-columns:15% auto\"><figure class=\"wp-block-media-text__media\"><img loading=\"lazy\" decoding=\"async\" width=\"151\" height=\"148\" src=\"https:\/\/unitranet.pl\/wp-content\/uploads\/2025\/10\/pobrane-1.png\" alt=\"\" class=\"wp-image-1101 size-full\"\/><\/figure><div class=\"wp-block-media-text__content\">\n<p><br><strong>smk.bydgoszcz@gmail.com<\/strong><\/p>\n<\/div><\/div>\n\n\n\n<figure class=\"wp-block-gallery has-nested-images columns-default is-cropped wp-block-gallery-1 is-layout-flex wp-block-gallery-is-layout-flex\">\n<figure data-wp-context=\"{&quot;imageId&quot;:&quot;69e25bb516963&quot;}\" data-wp-interactive=\"core\/image\" data-wp-key=\"69e25bb516963\" class=\"wp-block-image size-large wp-lightbox-container\"><img loading=\"lazy\" decoding=\"async\" width=\"1024\" height=\"461\" data-wp-class--hide=\"state.isContentHidden\" data-wp-class--show=\"state.isContentVisible\" data-wp-init=\"callbacks.setButtonStyles\" data-wp-on--click=\"actions.showLightbox\" data-wp-on--load=\"callbacks.setButtonStyles\" data-wp-on-window--resize=\"callbacks.setButtonStyles\" data-id=\"1106\" src=\"https:\/\/unitranet.pl\/wp-content\/uploads\/2025\/10\/IMG_20250921_125050-1024x461.jpg\" alt=\"\" class=\"wp-image-1106\" srcset=\"https:\/\/unitranet.pl\/wp-content\/uploads\/2025\/10\/IMG_20250921_125050-1024x461.jpg 1024w, https:\/\/unitranet.pl\/wp-content\/uploads\/2025\/10\/IMG_20250921_125050-300x135.jpg 300w, https:\/\/unitranet.pl\/wp-content\/uploads\/2025\/10\/IMG_20250921_125050-768x346.jpg 768w, https:\/\/unitranet.pl\/wp-content\/uploads\/2025\/10\/IMG_20250921_125050-1536x691.jpg 1536w, https:\/\/unitranet.pl\/wp-content\/uploads\/2025\/10\/IMG_20250921_125050-2048x922.jpg 2048w\" sizes=\"(max-width: 1024px) 100vw, 1024px\" \/><button\n\t\t\tclass=\"lightbox-trigger\"\n\t\t\ttype=\"button\"\n\t\t\taria-haspopup=\"dialog\"\n\t\t\taria-label=\"Powi\u0119ksz\"\n\t\t\tdata-wp-init=\"callbacks.initTriggerButton\"\n\t\t\tdata-wp-on--click=\"actions.showLightbox\"\n\t\t\tdata-wp-style--right=\"state.imageButtonRight\"\n\t\t\tdata-wp-style--top=\"state.imageButtonTop\"\n\t\t>\n\t\t\t<svg xmlns=\"http:\/\/www.w3.org\/2000\/svg\" width=\"12\" height=\"12\" fill=\"none\" viewBox=\"0 0 12 12\">\n\t\t\t\t<path fill=\"#fff\" d=\"M2 0a2 2 0 0 0-2 2v2h1.5V2a.5.5 0 0 1 .5-.5h2V0H2Zm2 10.5H2a.5.5 0 0 1-.5-.5V8H0v2a2 2 0 0 0 2 2h2v-1.5ZM8 12v-1.5h2a.5.5 0 0 0 .5-.5V8H12v2a2 2 0 0 1-2 2H8Zm2-12a2 2 0 0 1 2 2v2h-1.5V2a.5.5 0 0 0-.5-.5H8V0h2Z\" \/>\n\t\t\t<\/svg>\n\t\t<\/button><figcaption class=\"wp-element-caption\">Siedziba Stowarzyszenia mi\u0142o\u015bnik\u00f3w kolei w Bydgoszczy.                        Mini wystawa Elektroniki PRLu.<\/figcaption><\/figure>\n<\/figure>\n\n\n\n<h2 class=\"wp-block-heading\">Druga ale nie taka sama &#8222;Mini Wystawa Elektroniki PRLu&#8221;<\/h2>\n\n\n\n<p>Internat Pa\u0144stwowego Liceum Sztuk Plastycznych<\/p>\n\n\n\n<p>Bydgoszcz ul. Chwytowo 16-18<\/p>\n\n\n\n<p>Uwaga!<\/p>\n\n\n\n<p>Wystawa nie jest udost\u0119pniona dla os\u00f3b z zewn\u0105trz, tylko dla uczni\u00f3w i pracownik\u00f3w PLSP.<\/p>\n\n\n\n<figure data-wp-context=\"{&quot;imageId&quot;:&quot;69e25bb516bd8&quot;}\" data-wp-interactive=\"core\/image\" data-wp-key=\"69e25bb516bd8\" class=\"wp-block-image size-large wp-lightbox-container\"><img loading=\"lazy\" decoding=\"async\" width=\"1024\" height=\"576\" data-wp-class--hide=\"state.isContentHidden\" data-wp-class--show=\"state.isContentVisible\" data-wp-init=\"callbacks.setButtonStyles\" data-wp-on--click=\"actions.showLightbox\" data-wp-on--load=\"callbacks.setButtonStyles\" data-wp-on-window--resize=\"callbacks.setButtonStyles\" src=\"https:\/\/unitranet.pl\/wp-content\/uploads\/2026\/01\/internat3-1024x576.jpg\" alt=\"\" class=\"wp-image-1558\" srcset=\"https:\/\/unitranet.pl\/wp-content\/uploads\/2026\/01\/internat3-1024x576.jpg 1024w, https:\/\/unitranet.pl\/wp-content\/uploads\/2026\/01\/internat3-300x169.jpg 300w, https:\/\/unitranet.pl\/wp-content\/uploads\/2026\/01\/internat3-768x432.jpg 768w, https:\/\/unitranet.pl\/wp-content\/uploads\/2026\/01\/internat3-1536x864.jpg 1536w, https:\/\/unitranet.pl\/wp-content\/uploads\/2026\/01\/internat3-2048x1152.jpg 2048w\" sizes=\"(max-width: 1024px) 100vw, 1024px\" \/><button\n\t\t\tclass=\"lightbox-trigger\"\n\t\t\ttype=\"button\"\n\t\t\taria-haspopup=\"dialog\"\n\t\t\taria-label=\"Powi\u0119ksz\"\n\t\t\tdata-wp-init=\"callbacks.initTriggerButton\"\n\t\t\tdata-wp-on--click=\"actions.showLightbox\"\n\t\t\tdata-wp-style--right=\"state.imageButtonRight\"\n\t\t\tdata-wp-style--top=\"state.imageButtonTop\"\n\t\t>\n\t\t\t<svg xmlns=\"http:\/\/www.w3.org\/2000\/svg\" width=\"12\" height=\"12\" fill=\"none\" viewBox=\"0 0 12 12\">\n\t\t\t\t<path fill=\"#fff\" d=\"M2 0a2 2 0 0 0-2 2v2h1.5V2a.5.5 0 0 1 .5-.5h2V0H2Zm2 10.5H2a.5.5 0 0 1-.5-.5V8H0v2a2 2 0 0 0 2 2h2v-1.5ZM8 12v-1.5h2a.5.5 0 0 0 .5-.5V8H12v2a2 2 0 0 1-2 2H8Zm2-12a2 2 0 0 1 2 2v2h-1.5V2a.5.5 0 0 0-.5-.5H8V0h2Z\" \/>\n\t\t\t<\/svg>\n\t\t<\/button><\/figure>\n\n\n\n<figure class=\"wp-block-gallery has-nested-images columns-default is-cropped wp-block-gallery-2 is-layout-flex wp-block-gallery-is-layout-flex\">\n<figure data-wp-context=\"{&quot;imageId&quot;:&quot;69e25bb516d41&quot;}\" data-wp-interactive=\"core\/image\" data-wp-key=\"69e25bb516d41\" class=\"wp-block-image size-large wp-lightbox-container\"><img loading=\"lazy\" decoding=\"async\" width=\"1024\" height=\"576\" data-wp-class--hide=\"state.isContentHidden\" data-wp-class--show=\"state.isContentVisible\" data-wp-init=\"callbacks.setButtonStyles\" data-wp-on--click=\"actions.showLightbox\" data-wp-on--load=\"callbacks.setButtonStyles\" data-wp-on-window--resize=\"callbacks.setButtonStyles\" data-id=\"1559\" src=\"https:\/\/unitranet.pl\/wp-content\/uploads\/2026\/01\/internat4-1024x576.jpg\" alt=\"\" class=\"wp-image-1559\" srcset=\"https:\/\/unitranet.pl\/wp-content\/uploads\/2026\/01\/internat4-1024x576.jpg 1024w, https:\/\/unitranet.pl\/wp-content\/uploads\/2026\/01\/internat4-300x169.jpg 300w, https:\/\/unitranet.pl\/wp-content\/uploads\/2026\/01\/internat4-768x432.jpg 768w, https:\/\/unitranet.pl\/wp-content\/uploads\/2026\/01\/internat4-1536x864.jpg 1536w, https:\/\/unitranet.pl\/wp-content\/uploads\/2026\/01\/internat4-2048x1152.jpg 2048w\" sizes=\"(max-width: 1024px) 100vw, 1024px\" \/><button\n\t\t\tclass=\"lightbox-trigger\"\n\t\t\ttype=\"button\"\n\t\t\taria-haspopup=\"dialog\"\n\t\t\taria-label=\"Powi\u0119ksz\"\n\t\t\tdata-wp-init=\"callbacks.initTriggerButton\"\n\t\t\tdata-wp-on--click=\"actions.showLightbox\"\n\t\t\tdata-wp-style--right=\"state.imageButtonRight\"\n\t\t\tdata-wp-style--top=\"state.imageButtonTop\"\n\t\t>\n\t\t\t<svg xmlns=\"http:\/\/www.w3.org\/2000\/svg\" width=\"12\" height=\"12\" fill=\"none\" viewBox=\"0 0 12 12\">\n\t\t\t\t<path fill=\"#fff\" d=\"M2 0a2 2 0 0 0-2 2v2h1.5V2a.5.5 0 0 1 .5-.5h2V0H2Zm2 10.5H2a.5.5 0 0 1-.5-.5V8H0v2a2 2 0 0 0 2 2h2v-1.5ZM8 12v-1.5h2a.5.5 0 0 0 .5-.5V8H12v2a2 2 0 0 1-2 2H8Zm2-12a2 2 0 0 1 2 2v2h-1.5V2a.5.5 0 0 0-.5-.5H8V0h2Z\" \/>\n\t\t\t<\/svg>\n\t\t<\/button><\/figure>\n\n\n\n<figure data-wp-context=\"{&quot;imageId&quot;:&quot;69e25bb516e81&quot;}\" data-wp-interactive=\"core\/image\" data-wp-key=\"69e25bb516e81\" class=\"wp-block-image size-large wp-lightbox-container\"><img loading=\"lazy\" decoding=\"async\" width=\"1024\" height=\"576\" data-wp-class--hide=\"state.isContentHidden\" data-wp-class--show=\"state.isContentVisible\" data-wp-init=\"callbacks.setButtonStyles\" data-wp-on--click=\"actions.showLightbox\" data-wp-on--load=\"callbacks.setButtonStyles\" data-wp-on-window--resize=\"callbacks.setButtonStyles\" data-id=\"1557\" src=\"https:\/\/unitranet.pl\/wp-content\/uploads\/2026\/01\/internat2-1024x576.jpg\" alt=\"\" class=\"wp-image-1557\" srcset=\"https:\/\/unitranet.pl\/wp-content\/uploads\/2026\/01\/internat2-1024x576.jpg 1024w, https:\/\/unitranet.pl\/wp-content\/uploads\/2026\/01\/internat2-300x169.jpg 300w, https:\/\/unitranet.pl\/wp-content\/uploads\/2026\/01\/internat2-768x432.jpg 768w, https:\/\/unitranet.pl\/wp-content\/uploads\/2026\/01\/internat2-1536x864.jpg 1536w, https:\/\/unitranet.pl\/wp-content\/uploads\/2026\/01\/internat2-2048x1152.jpg 2048w\" sizes=\"(max-width: 1024px) 100vw, 1024px\" \/><button\n\t\t\tclass=\"lightbox-trigger\"\n\t\t\ttype=\"button\"\n\t\t\taria-haspopup=\"dialog\"\n\t\t\taria-label=\"Powi\u0119ksz\"\n\t\t\tdata-wp-init=\"callbacks.initTriggerButton\"\n\t\t\tdata-wp-on--click=\"actions.showLightbox\"\n\t\t\tdata-wp-style--right=\"state.imageButtonRight\"\n\t\t\tdata-wp-style--top=\"state.imageButtonTop\"\n\t\t>\n\t\t\t<svg xmlns=\"http:\/\/www.w3.org\/2000\/svg\" width=\"12\" height=\"12\" fill=\"none\" viewBox=\"0 0 12 12\">\n\t\t\t\t<path fill=\"#fff\" d=\"M2 0a2 2 0 0 0-2 2v2h1.5V2a.5.5 0 0 1 .5-.5h2V0H2Zm2 10.5H2a.5.5 0 0 1-.5-.5V8H0v2a2 2 0 0 0 2 2h2v-1.5ZM8 12v-1.5h2a.5.5 0 0 0 .5-.5V8H12v2a2 2 0 0 1-2 2H8Zm2-12a2 2 0 0 1 2 2v2h-1.5V2a.5.5 0 0 0-.5-.5H8V0h2Z\" \/>\n\t\t\t<\/svg>\n\t\t<\/button><\/figure>\n\n\n\n<figure data-wp-context=\"{&quot;imageId&quot;:&quot;69e25bb516fca&quot;}\" data-wp-interactive=\"core\/image\" data-wp-key=\"69e25bb516fca\" class=\"wp-block-image size-large wp-lightbox-container\"><img loading=\"lazy\" decoding=\"async\" width=\"1024\" height=\"576\" data-wp-class--hide=\"state.isContentHidden\" data-wp-class--show=\"state.isContentVisible\" data-wp-init=\"callbacks.setButtonStyles\" data-wp-on--click=\"actions.showLightbox\" data-wp-on--load=\"callbacks.setButtonStyles\" data-wp-on-window--resize=\"callbacks.setButtonStyles\" data-id=\"1556\" src=\"https:\/\/unitranet.pl\/wp-content\/uploads\/2026\/01\/IMG_20251209_105329736_edited-1024x576.jpg\" alt=\"\" class=\"wp-image-1556\" srcset=\"https:\/\/unitranet.pl\/wp-content\/uploads\/2026\/01\/IMG_20251209_105329736_edited-1024x576.jpg 1024w, https:\/\/unitranet.pl\/wp-content\/uploads\/2026\/01\/IMG_20251209_105329736_edited-300x169.jpg 300w, https:\/\/unitranet.pl\/wp-content\/uploads\/2026\/01\/IMG_20251209_105329736_edited-768x432.jpg 768w, https:\/\/unitranet.pl\/wp-content\/uploads\/2026\/01\/IMG_20251209_105329736_edited-1536x864.jpg 1536w, https:\/\/unitranet.pl\/wp-content\/uploads\/2026\/01\/IMG_20251209_105329736_edited-2048x1152.jpg 2048w\" sizes=\"(max-width: 1024px) 100vw, 1024px\" \/><button\n\t\t\tclass=\"lightbox-trigger\"\n\t\t\ttype=\"button\"\n\t\t\taria-haspopup=\"dialog\"\n\t\t\taria-label=\"Powi\u0119ksz\"\n\t\t\tdata-wp-init=\"callbacks.initTriggerButton\"\n\t\t\tdata-wp-on--click=\"actions.showLightbox\"\n\t\t\tdata-wp-style--right=\"state.imageButtonRight\"\n\t\t\tdata-wp-style--top=\"state.imageButtonTop\"\n\t\t>\n\t\t\t<svg xmlns=\"http:\/\/www.w3.org\/2000\/svg\" width=\"12\" height=\"12\" fill=\"none\" viewBox=\"0 0 12 12\">\n\t\t\t\t<path fill=\"#fff\" d=\"M2 0a2 2 0 0 0-2 2v2h1.5V2a.5.5 0 0 1 .5-.5h2V0H2Zm2 10.5H2a.5.5 0 0 1-.5-.5V8H0v2a2 2 0 0 0 2 2h2v-1.5ZM8 12v-1.5h2a.5.5 0 0 0 .5-.5V8H12v2a2 2 0 0 1-2 2H8Zm2-12a2 2 0 0 1 2 2v2h-1.5V2a.5.5 0 0 0-.5-.5H8V0h2Z\" \/>\n\t\t\t<\/svg>\n\t\t<\/button><\/figure>\n\n\n\n<figure data-wp-context=\"{&quot;imageId&quot;:&quot;69e25bb517112&quot;}\" data-wp-interactive=\"core\/image\" data-wp-key=\"69e25bb517112\" class=\"wp-block-image size-large wp-lightbox-container\"><img loading=\"lazy\" decoding=\"async\" width=\"576\" height=\"1024\" data-wp-class--hide=\"state.isContentHidden\" data-wp-class--show=\"state.isContentVisible\" data-wp-init=\"callbacks.setButtonStyles\" data-wp-on--click=\"actions.showLightbox\" data-wp-on--load=\"callbacks.setButtonStyles\" data-wp-on-window--resize=\"callbacks.setButtonStyles\" data-id=\"1516\" src=\"https:\/\/unitranet.pl\/wp-content\/uploads\/2025\/12\/Zdjecie-WhatsApp-2025-12-14-o-07.50.18_4ab2a499-576x1024.jpg\" alt=\"\" class=\"wp-image-1516\" srcset=\"https:\/\/unitranet.pl\/wp-content\/uploads\/2025\/12\/Zdjecie-WhatsApp-2025-12-14-o-07.50.18_4ab2a499-576x1024.jpg 576w, https:\/\/unitranet.pl\/wp-content\/uploads\/2025\/12\/Zdjecie-WhatsApp-2025-12-14-o-07.50.18_4ab2a499-169x300.jpg 169w, https:\/\/unitranet.pl\/wp-content\/uploads\/2025\/12\/Zdjecie-WhatsApp-2025-12-14-o-07.50.18_4ab2a499-768x1367.jpg 768w, https:\/\/unitranet.pl\/wp-content\/uploads\/2025\/12\/Zdjecie-WhatsApp-2025-12-14-o-07.50.18_4ab2a499-863x1536.jpg 863w, https:\/\/unitranet.pl\/wp-content\/uploads\/2025\/12\/Zdjecie-WhatsApp-2025-12-14-o-07.50.18_4ab2a499.jpg 1151w\" sizes=\"(max-width: 576px) 100vw, 576px\" \/><button\n\t\t\tclass=\"lightbox-trigger\"\n\t\t\ttype=\"button\"\n\t\t\taria-haspopup=\"dialog\"\n\t\t\taria-label=\"Powi\u0119ksz\"\n\t\t\tdata-wp-init=\"callbacks.initTriggerButton\"\n\t\t\tdata-wp-on--click=\"actions.showLightbox\"\n\t\t\tdata-wp-style--right=\"state.imageButtonRight\"\n\t\t\tdata-wp-style--top=\"state.imageButtonTop\"\n\t\t>\n\t\t\t<svg xmlns=\"http:\/\/www.w3.org\/2000\/svg\" width=\"12\" height=\"12\" fill=\"none\" viewBox=\"0 0 12 12\">\n\t\t\t\t<path fill=\"#fff\" d=\"M2 0a2 2 0 0 0-2 2v2h1.5V2a.5.5 0 0 1 .5-.5h2V0H2Zm2 10.5H2a.5.5 0 0 1-.5-.5V8H0v2a2 2 0 0 0 2 2h2v-1.5ZM8 12v-1.5h2a.5.5 0 0 0 .5-.5V8H12v2a2 2 0 0 1-2 2H8Zm2-12a2 2 0 0 1 2 2v2h-1.5V2a.5.5 0 0 0-.5-.5H8V0h2Z\" \/>\n\t\t\t<\/svg>\n\t\t<\/button><\/figure>\n\n\n\n<figure data-wp-context=\"{&quot;imageId&quot;:&quot;69e25bb517243&quot;}\" data-wp-interactive=\"core\/image\" data-wp-key=\"69e25bb517243\" class=\"wp-block-image size-large wp-lightbox-container\"><img loading=\"lazy\" decoding=\"async\" width=\"1024\" height=\"576\" data-wp-class--hide=\"state.isContentHidden\" data-wp-class--show=\"state.isContentVisible\" data-wp-init=\"callbacks.setButtonStyles\" data-wp-on--click=\"actions.showLightbox\" data-wp-on--load=\"callbacks.setButtonStyles\" data-wp-on-window--resize=\"callbacks.setButtonStyles\" data-id=\"1514\" src=\"https:\/\/unitranet.pl\/wp-content\/uploads\/2025\/12\/Zdjecie-WhatsApp-2025-12-14-o-07.50.18_6fcb93b6-1024x576.jpg\" alt=\"\" class=\"wp-image-1514\" srcset=\"https:\/\/unitranet.pl\/wp-content\/uploads\/2025\/12\/Zdjecie-WhatsApp-2025-12-14-o-07.50.18_6fcb93b6-1024x576.jpg 1024w, https:\/\/unitranet.pl\/wp-content\/uploads\/2025\/12\/Zdjecie-WhatsApp-2025-12-14-o-07.50.18_6fcb93b6-300x169.jpg 300w, https:\/\/unitranet.pl\/wp-content\/uploads\/2025\/12\/Zdjecie-WhatsApp-2025-12-14-o-07.50.18_6fcb93b6-768x432.jpg 768w, https:\/\/unitranet.pl\/wp-content\/uploads\/2025\/12\/Zdjecie-WhatsApp-2025-12-14-o-07.50.18_6fcb93b6-1536x863.jpg 1536w, https:\/\/unitranet.pl\/wp-content\/uploads\/2025\/12\/Zdjecie-WhatsApp-2025-12-14-o-07.50.18_6fcb93b6.jpg 2048w\" sizes=\"(max-width: 1024px) 100vw, 1024px\" \/><button\n\t\t\tclass=\"lightbox-trigger\"\n\t\t\ttype=\"button\"\n\t\t\taria-haspopup=\"dialog\"\n\t\t\taria-label=\"Powi\u0119ksz\"\n\t\t\tdata-wp-init=\"callbacks.initTriggerButton\"\n\t\t\tdata-wp-on--click=\"actions.showLightbox\"\n\t\t\tdata-wp-style--right=\"state.imageButtonRight\"\n\t\t\tdata-wp-style--top=\"state.imageButtonTop\"\n\t\t>\n\t\t\t<svg xmlns=\"http:\/\/www.w3.org\/2000\/svg\" width=\"12\" height=\"12\" fill=\"none\" viewBox=\"0 0 12 12\">\n\t\t\t\t<path fill=\"#fff\" d=\"M2 0a2 2 0 0 0-2 2v2h1.5V2a.5.5 0 0 1 .5-.5h2V0H2Zm2 10.5H2a.5.5 0 0 1-.5-.5V8H0v2a2 2 0 0 0 2 2h2v-1.5ZM8 12v-1.5h2a.5.5 0 0 0 .5-.5V8H12v2a2 2 0 0 1-2 2H8Zm2-12a2 2 0 0 1 2 2v2h-1.5V2a.5.5 0 0 0-.5-.5H8V0h2Z\" \/>\n\t\t\t<\/svg>\n\t\t<\/button><\/figure>\n<\/figure>\n","protected":false},"excerpt":{"rendered":"<p>52 350 60 99 501 263 731 501 263 732 kontakt@unitranet.pl Unii Lubelskiej 4C 85-859 Bydgoszcz Tu znajdziesz &#8222;Mini wystaw\u0119 Elektroniki PRLu&#8221; Aby zwiedzi\u0107 &#8222;Wystaw\u0119&#8230;&#8221; i muzeum kolei nale\u017cy zadzwoni\u0107 i um\u00f3wi\u0107 si\u0119 : 722 322 225 smk.bydgoszcz@gmail.com Druga ale nie taka sama &#8222;Mini Wystawa Elektroniki PRLu&#8221; Internat Pa\u0144stwowego Liceum Sztuk Plastycznych Bydgoszcz ul. Chwytowo [&hellip;]<\/p>\n","protected":false},"author":1,"featured_media":0,"parent":0,"menu_order":0,"comment_status":"closed","ping_status":"closed","template":"","meta":{"footnotes":""},"class_list":["post-1068","page","type-page","status-publish","hentry"],"yoast_head":"<!-- This site is optimized with the Yoast SEO plugin v27.4 - https:\/\/yoast.com\/product\/yoast-seo-wordpress\/ -->\n<title>Kontakt - UnitraNET<\/title>\n<meta name=\"robots\" content=\"index, follow, max-snippet:-1, max-image-preview:large, max-video-preview:-1\" \/>\n<link rel=\"canonical\" href=\"https:\/\/unitranet.pl\/?page_id=1068\" \/>\n<meta property=\"og:locale\" content=\"pl_PL\" \/>\n<meta property=\"og:type\" content=\"article\" \/>\n<meta property=\"og:title\" content=\"Kontakt - UnitraNET\" \/>\n<meta property=\"og:description\" content=\"52 350 60 99 501 263 731 501 263 732 kontakt@unitranet.pl Unii Lubelskiej 4C 85-859 Bydgoszcz Tu znajdziesz &#8222;Mini wystaw\u0119 Elektroniki PRLu&#8221; Aby zwiedzi\u0107 &#8222;Wystaw\u0119&#8230;&#8221; i muzeum kolei nale\u017cy zadzwoni\u0107 i um\u00f3wi\u0107 si\u0119 : 722 322 225 smk.bydgoszcz@gmail.com Druga ale nie taka sama &#8222;Mini Wystawa Elektroniki PRLu&#8221; Internat Pa\u0144stwowego Liceum Sztuk Plastycznych Bydgoszcz ul. Chwytowo [&hellip;]\" \/>\n<meta property=\"og:url\" content=\"https:\/\/unitranet.pl\/?page_id=1068\" \/>\n<meta property=\"og:site_name\" content=\"UnitraNET\" \/>\n<meta property=\"article:modified_time\" content=\"2026-03-10T06:37:21+00:00\" \/>\n<meta name=\"twitter:card\" content=\"summary_large_image\" \/>\n<meta name=\"twitter:label1\" content=\"Szacowany czas czytania\" \/>\n\t<meta name=\"twitter:data1\" content=\"4 minuty\" \/>\n<script type=\"application\/ld+json\" class=\"yoast-schema-graph\">{\"@context\":\"https:\\\/\\\/schema.org\",\"@graph\":[{\"@type\":\"WebPage\",\"@id\":\"https:\\\/\\\/unitranet.pl\\\/?page_id=1068\",\"url\":\"https:\\\/\\\/unitranet.pl\\\/?page_id=1068\",\"name\":\"Kontakt - UnitraNET\",\"isPartOf\":{\"@id\":\"https:\\\/\\\/unitranet.pl\\\/#website\"},\"primaryImageOfPage\":{\"@id\":\"https:\\\/\\\/unitranet.pl\\\/?page_id=1068#primaryimage\"},\"image\":{\"@id\":\"https:\\\/\\\/unitranet.pl\\\/?page_id=1068#primaryimage\"},\"thumbnailUrl\":\"https:\\\/\\\/unitranet.pl\\\/wp-content\\\/uploads\\\/2025\\\/04\\\/logo_unitranet.bmp\",\"datePublished\":\"2025-10-11T15:01:05+00:00\",\"dateModified\":\"2026-03-10T06:37:21+00:00\",\"breadcrumb\":{\"@id\":\"https:\\\/\\\/unitranet.pl\\\/?page_id=1068#breadcrumb\"},\"inLanguage\":\"pl-PL\",\"potentialAction\":[{\"@type\":\"ReadAction\",\"target\":[\"https:\\\/\\\/unitranet.pl\\\/?page_id=1068\"]}]},{\"@type\":\"ImageObject\",\"inLanguage\":\"pl-PL\",\"@id\":\"https:\\\/\\\/unitranet.pl\\\/?page_id=1068#primaryimage\",\"url\":\"https:\\\/\\\/unitranet.pl\\\/wp-content\\\/uploads\\\/2025\\\/04\\\/logo_unitranet.bmp\",\"contentUrl\":\"https:\\\/\\\/unitranet.pl\\\/wp-content\\\/uploads\\\/2025\\\/04\\\/logo_unitranet.bmp\",\"width\":839,\"height\":419},{\"@type\":\"BreadcrumbList\",\"@id\":\"https:\\\/\\\/unitranet.pl\\\/?page_id=1068#breadcrumb\",\"itemListElement\":[{\"@type\":\"ListItem\",\"position\":1,\"name\":\"Home\",\"item\":\"https:\\\/\\\/unitranet.pl\\\/\"},{\"@type\":\"ListItem\",\"position\":2,\"name\":\"Kontakt\"}]},{\"@type\":\"WebSite\",\"@id\":\"https:\\\/\\\/unitranet.pl\\\/#website\",\"url\":\"https:\\\/\\\/unitranet.pl\\\/\",\"name\":\"UnitraNET\",\"description\":\"\",\"potentialAction\":[{\"@type\":\"SearchAction\",\"target\":{\"@type\":\"EntryPoint\",\"urlTemplate\":\"https:\\\/\\\/unitranet.pl\\\/?s={search_term_string}\"},\"query-input\":{\"@type\":\"PropertyValueSpecification\",\"valueRequired\":true,\"valueName\":\"search_term_string\"}}],\"inLanguage\":\"pl-PL\"}]}<\/script>\n<!-- \/ Yoast SEO plugin. -->","yoast_head_json":{"title":"Kontakt - UnitraNET","robots":{"index":"index","follow":"follow","max-snippet":"max-snippet:-1","max-image-preview":"max-image-preview:large","max-video-preview":"max-video-preview:-1"},"canonical":"https:\/\/unitranet.pl\/?page_id=1068","og_locale":"pl_PL","og_type":"article","og_title":"Kontakt - UnitraNET","og_description":"52 350 60 99 501 263 731 501 263 732 kontakt@unitranet.pl Unii Lubelskiej 4C 85-859 Bydgoszcz Tu znajdziesz &#8222;Mini wystaw\u0119 Elektroniki PRLu&#8221; Aby zwiedzi\u0107 &#8222;Wystaw\u0119&#8230;&#8221; i muzeum kolei nale\u017cy zadzwoni\u0107 i um\u00f3wi\u0107 si\u0119 : 722 322 225 smk.bydgoszcz@gmail.com Druga ale nie taka sama &#8222;Mini Wystawa Elektroniki PRLu&#8221; Internat Pa\u0144stwowego Liceum Sztuk Plastycznych Bydgoszcz ul. Chwytowo [&hellip;]","og_url":"https:\/\/unitranet.pl\/?page_id=1068","og_site_name":"UnitraNET","article_modified_time":"2026-03-10T06:37:21+00:00","twitter_card":"summary_large_image","twitter_misc":{"Szacowany czas czytania":"4 minuty"},"schema":{"@context":"https:\/\/schema.org","@graph":[{"@type":"WebPage","@id":"https:\/\/unitranet.pl\/?page_id=1068","url":"https:\/\/unitranet.pl\/?page_id=1068","name":"Kontakt - UnitraNET","isPartOf":{"@id":"https:\/\/unitranet.pl\/#website"},"primaryImageOfPage":{"@id":"https:\/\/unitranet.pl\/?page_id=1068#primaryimage"},"image":{"@id":"https:\/\/unitranet.pl\/?page_id=1068#primaryimage"},"thumbnailUrl":"https:\/\/unitranet.pl\/wp-content\/uploads\/2025\/04\/logo_unitranet.bmp","datePublished":"2025-10-11T15:01:05+00:00","dateModified":"2026-03-10T06:37:21+00:00","breadcrumb":{"@id":"https:\/\/unitranet.pl\/?page_id=1068#breadcrumb"},"inLanguage":"pl-PL","potentialAction":[{"@type":"ReadAction","target":["https:\/\/unitranet.pl\/?page_id=1068"]}]},{"@type":"ImageObject","inLanguage":"pl-PL","@id":"https:\/\/unitranet.pl\/?page_id=1068#primaryimage","url":"https:\/\/unitranet.pl\/wp-content\/uploads\/2025\/04\/logo_unitranet.bmp","contentUrl":"https:\/\/unitranet.pl\/wp-content\/uploads\/2025\/04\/logo_unitranet.bmp","width":839,"height":419},{"@type":"BreadcrumbList","@id":"https:\/\/unitranet.pl\/?page_id=1068#breadcrumb","itemListElement":[{"@type":"ListItem","position":1,"name":"Home","item":"https:\/\/unitranet.pl\/"},{"@type":"ListItem","position":2,"name":"Kontakt"}]},{"@type":"WebSite","@id":"https:\/\/unitranet.pl\/#website","url":"https:\/\/unitranet.pl\/","name":"UnitraNET","description":"","potentialAction":[{"@type":"SearchAction","target":{"@type":"EntryPoint","urlTemplate":"https:\/\/unitranet.pl\/?s={search_term_string}"},"query-input":{"@type":"PropertyValueSpecification","valueRequired":true,"valueName":"search_term_string"}}],"inLanguage":"pl-PL"}]}},"_links":{"self":[{"href":"https:\/\/unitranet.pl\/index.php?rest_route=\/wp\/v2\/pages\/1068","targetHints":{"allow":["GET"]}}],"collection":[{"href":"https:\/\/unitranet.pl\/index.php?rest_route=\/wp\/v2\/pages"}],"about":[{"href":"https:\/\/unitranet.pl\/index.php?rest_route=\/wp\/v2\/types\/page"}],"author":[{"embeddable":true,"href":"https:\/\/unitranet.pl\/index.php?rest_route=\/wp\/v2\/users\/1"}],"replies":[{"embeddable":true,"href":"https:\/\/unitranet.pl\/index.php?rest_route=%2Fwp%2Fv2%2Fcomments&post=1068"}],"version-history":[{"count":19,"href":"https:\/\/unitranet.pl\/index.php?rest_route=\/wp\/v2\/pages\/1068\/revisions"}],"predecessor-version":[{"id":1642,"href":"https:\/\/unitranet.pl\/index.php?rest_route=\/wp\/v2\/pages\/1068\/revisions\/1642"}],"wp:attachment":[{"href":"https:\/\/unitranet.pl\/index.php?rest_route=%2Fwp%2Fv2%2Fmedia&parent=1068"}],"curies":[{"name":"wp","href":"https:\/\/api.w.org\/{rel}","templated":true}]}}